NOAA-Style Climate Reports


Report for 2024 May

Daily NOAA report



                            MONTHLY CLIMATOLOGICAL SUMMARY for MAY. 2024

NAME: Loris Weather Station   CITY: Loris STATE: SC
ELEV: 112 LAT: 034:04:01 LONG: 0078:52:08

                            TEMPERATURE ( °F), RAIN (in.), WIND SPEED (mph)

                                               HEAT     COOL           AVG
      MEAN                                     DEG      DEG            WIND                       DOM
DAY   TEMP    HIGH   TIME     LOW    TIME      DAYS     DAYS    RAIN   SPEED    HIGH    TIME      DIR
--------------------------------------------------------------------------------------------------------
01    73.1   084.8   15:30    66.2   03:44     00.0     08.1   00.00   02.2     17.3    15:56      S 
02    72.6   086.8   14:33    60.4   05:29     00.0     07.7   00.00   02.0     16.1    16:25     SSE
03    73.2   086.0   15:12    60.7   06:54     00.0     08.2   00.00   02.0     13.8    17:47     SSE
04    72.5   081.8   12:22    63.0   04:31     00.0     07.6   00.00   03.0     16.1    11:30     SSE
05    72.6   081.2   14:37    68.3   01:46     00.0     07.6   00.82   03.3     19.6    11:19     SSE
06    72.8   085.1   14:24    65.7   06:05     00.0     07.8   01.69   02.0     16.1    16:19      S 
07    74.8   086.4   17:09    66.3   06:07     00.0     09.9   00.09   01.3     11.5    12:17     WSW
08    78.5   091.0   14:49    68.8   23:28     00.0     13.5   00.68   01.7     29.9    20:12      S 
09    72.5   080.5   12:07    68.5   00:00     00.0     07.6   00.02   01.9     21.9    06:19      W 
10    70.3   082.6   16:33    61.6   23:52     00.0     05.4   00.26   01.6     17.3    20:46     WNW
11    64.1   074.1   16:07    54.0   06:49     00.9     00.0   00.01   01.9     11.5    10:12     NNW
12    68.8   081.1   16:49    57.6   06:33     00.0     03.8   00.00   01.7     14.9    15:14      NW
13    68.4   081.2   12:51    54.2   06:02     00.0     03.5   00.00   02.5     13.8    13:00     SSE
14    70.8   075.7   19:04    65.3   01:42     00.0     05.9   00.29   03.8     23.0    14:51     SSE
15    75.1   085.5   16:04    64.4   00:00     00.0     10.2   00.11   01.7     19.6    20:13      W 
16    69.6   081.3   17:19    60.8   06:41     00.0     04.7   00.01   01.3     11.5    15:20     WNW
17    73.6   083.1   15:17    62.7   05:24     00.0     08.7   00.00   01.7     11.5    18:38     SSE
18    76.1   082.3   15:59    71.4   06:52     00.0     11.2   00.01   01.1     11.5    16:33      SW
19    68.9   072.8   00:05    64.9   21:31     00.0     04.0   00.01   02.0     14.9    15:32     NNE
20    68.4   078.6   16:57    59.4   06:07     00.0     03.4   00.01   02.5     16.1    13:10     NNE
--------------------------------------------------------------------------------------------------------
71.8 (72.7)   91.0  day 08     54.0  day 11   000.9    138.7   04.01   02.1     29.9   day 14     SSE
Max >  86: 4
Min <  86: 20
Max Rain: 1.69 ON 6-05-24
Days of Rain: 13 (> .008in) 7 (> .08in) 2 (> 0.8in)